 h. What is the greatest common factor of 6 and p?
3
Let a(y) = 18*y**2 + 119*y + 156. Let j be a(-8). Calculate the highest common divisor of 623 and j.
89
Let r be 3220/(-4)*330/(-21). What is the greatest common divisor of r and 100?
50
Suppose l - 282 = -n, 10*l = -2*n + 5*l + 573. Let a be 624/(4 + -2) + 0. Let q = -281 + a. Calculate the highest common factor of n and q.
31
Suppose -3*p + 4*o + 158 = 0, 2*p - 134 = -2*o - 24. Suppose -8 = -2*b - 2*s, 10 = b + b + 3*s. Calculate the greatest common divisor of b and p.
2
Let h(d) = 275*d - 491. Let l be h(6). Calculate the greatest common factor of l and 244.
61
Let s be 19840/320 - (-21)/(-1). Calculate the highest common factor of s and 2747.
41
Let s(t) = t**3 + 19*t**2 + 45*t + 207. Let v be s(-17). Calculate the greatest common factor of 14520 and v.
20
Let w(q) = q**3 - 2*q**2 - 6*q - 6. Let z be w(4). Let n = -64 + 91. Let p = -25 + n. Calculate the greatest common divisor of z and p.
2
Let n(f) = -f**3 - 70*f**2 + 84*f - 445. Let z be n(-73). Calculate the greatest common factor of z and 10.
10
Let f(m) = m**3 + 29*m**2 - 43*m - 610. Let b be f(-28). Calculate the greatest common divisor of 265 and b.
53
Let w = 1281 - 1206. What is the highest common factor of w and 255?
15
Let c be 1772/28 - (-2)/(-7). Suppose -1737*l + 9702 = -1715*l. Calculate the highest common factor of l and c.
63
Suppose 7*k - 864 = k. Suppose -u = -25*u + k. What is the highest common divisor of 15 and u?
3
Suppose -4*f + 47 = 7. Let h be -3 + -3 + 4 + -216. Let r = -108 - h. Calculate the highest common factor of r and f.
10
Suppose -2299 = -305*a + 286*a. What is the greatest common divisor of 275 and a?
11
Let g be ((-10)/4)/(-10 - 4927/(-494)). What is the greatest common divisor of 65 and g?
5
Suppose f = -5*q + 6 + 23, -q - f + 5 = 0. Let a = -25 + 28. Suppose -3*i - 123 = -a*g, -5*i = -2*i + 15. What is the highest common factor of g and q?
6
Suppose 34 = 2*u + 2*g, 23 = 4*g + 3. Let n be ((-45)/25)/(u/(-200)). Calculate the highest common factor of n and 45.
15
Suppose -p = 7*f - 127, -4*p - 86 = 13*f - 18*f. What is the highest common divisor of f and 441?
9
Suppose -2*f + 5*z - 12 = 6, 4*z - 13 = 3*f. Suppose 4*s = 0, -3*i - f = -4*s - 16. Suppose t = i*t - 100. Calculate the greatest common divisor of t and 25.
25
Let g(p) = -p**3 - 17*p**2 + 470*p - 32. Let m be g(-32). Suppose -5*h - 7*b + 25 = -2*b, -5*b = -2*h + 38. What is the highest common factor of h and m?
9
Let p be (-1)/(15/(-252))*((-4928)/(-48) - -4). What is the greatest common divisor of 196 and p?
28
Let i = 161 + -146. Suppose 3*l + 3 = -4*d + 9, -3*d = 0. Calculate the greatest common factor of l and i.
1
Let x = -15387 - -15402. Calculate the greatest common divisor of 395 and x.
5
Let d(x) = 30*x - 6*x - 5*x + x**2 + 3*x - 158 - 9*x. Let o be d(10). Calculate the highest common divisor of 180 and o.
36
Let s be (2288/(-8))/(6/(-15)). What is the greatest common factor of 1859 and s?
143
Suppose 0 = 59*z - 130*z + 3124. What is the highest common divisor of 19426 and z?
22
Suppose g - 1382 = -5*t, -427*t - 5*g = -429*t + 515. Calculate the greatest common divisor of 2275 and t.
25
Suppose 2*y + 2*n - 322 = 0, -y + 3*y = n + 334. Let a be (-38)/(-34) + (-12)/102. Suppose -4*o + 59 + a = 0. What is the greatest common factor of o and y?
15
Let r(h) = 29*h**2 + 34*h + 9. Let w be r(-10). What is the highest common factor of w and 49?
7
Let m(o) = -268*o + 2248. Let u be m(7). Calculate the greatest common divisor of 180 and u.
12
Let z be 27/18 + ((-2475)/(-6))/5. Suppose 0 = 13*v - 12*v - 3*u - 24, 3*v + 3*u = z. Calculate the highest common divisor of 288 and v.
9
Suppose -284 + 260 = 3*o. Let w(d) = 4*d**2 + 30*d + 24. Let f be w(o). What is the greatest common divisor of f and 40?
40
Let q be 246/(-984) - (1 - (-162)/(-8)). Calculate the greatest common factor of q and 3287.
19
Suppose 0 = s - 2*s + 4*n + 21, -2*s - 4*n = -6. Let c = s - 4. Let j be (-6)/(-27) - (4290/(-135) - -17). Calculate the highest common factor of c and j.
5
Let x(r) = r**2 + 133*r + 1140. Let y be x(-9). What is the highest common factor of y and 8472?
24
Let n(x) = 2*x + 9. Let k be n(-7). Let f be ((-279)/6 + -1)/(k/10). What is the greatest common divisor of f and 38?
19
Suppose 5*h - 2*n = 7784, 94*h - n + 1568 = 95*h. What is the highest common divisor of 600 and h?
120
Suppose -25 = -15*a + 23780. Calculate the highest common factor of a and 1725.
69
Let j = -15716 + 16563. What is the highest common factor of 99 and j?
11
Let x be (-682)/(-36) + (-136)/(-2448). What is the greatest common divisor of x and 19456?
19
Suppose 922 - 946 = -8*b. Let i be b/5 + (-45855)/(-75). What is the greatest common factor of 36 and i?
36
Suppose 5441 + 34257 = 4*y - l, -y + 9932 = -4*l. Calculate the highest common factor of y and 12.
12
Suppose 136*c - 16858 = 38222. Suppose -2*r = -2*i - 82, -4*i = -13 - 3. What is the highest common factor of c and r?
45
Suppose 26*i + 3510 = 17*i. Let f = i - -733. What is the greatest common divisor of f and 14?
7
Let i = -51 + 81. Suppose -n + 7 = -i. Let l = -19 + n. Calculate the greatest common factor of 162 and l.
18
Suppose 109*j - 111*j = -8. Let k = 17 - 12. Suppose 208 = k*f - f. Calculate the highest common factor of j and f.
4
Let h be 18/8*30 - (-8)/(-16)*1. What is the greatest common factor of h and 201?
67
Suppose 27*n - 80*n - 18*n = 142. Let p(l) = 2 - 1 - 3*l**2 - 2*l**3 + 2*l + 1. Let b be p(n). Calculate the highest common divisor of 5 and b.
1
Let d(r) = -2*r. Let i be d(-2). Suppose i*p - 4*k = 5*p - 150, 0 = -4*k + 20. Suppose 18*s + 170 = 35*s. Calculate the highest common divisor of s and p.
10
Suppose -4*o = m - 35, -2*m - 5*o - 2910 = -3001. Calculate the highest common factor of 20160 and m.
63
Suppose -3*g - 4*o - 175 = -0*g, -5*o + 71 = -g. Let u = g - -94. What is the greatest common divisor of 11 and u?
11
Let v = 289 - 160. Suppose 221 + v = 14*f. What is the greatest common divisor of 125 and f?
25
Suppose -b - 73 = -9. Let l = b + 64. Suppose g + 2 = l, -g - 42 = 2*h - 6*h. Calculate the highest common divisor of h and 70.
10
Let h(o) = -4*o**2 + 35*o - 124. Let c be h(11). Let i = 431 + c. Calculate the highest common divisor of i and 48.
16
Let u(b) = 3*b**2 - 17*b + 106. Let x(i) = 2*i**2 + 15*i + 13. Let p be x(-7). Let g be u(p). What is the greatest common divisor of 144 and g?
16
Let a = -8345 - -12404. Calculate the highest common factor of a and 231.
33
Let z = -30473 + 30481. Calculate the highest common divisor of z and 1772.
4
Suppose 115*x + 12893 = 119*x - 3*r, -4*x - 4*r = -12928. What is the highest common divisor of 14 and x?
7
Suppose -104*g - 54*g - 108*g + 2564240 = 0. Calculate the highest common factor of g and 60.
20
Suppose 0 = -5*r + 56 + 14. Let o be (-16588)/(-264) - 56 - 2/(-12). What is the greatest common factor of r and o?
7
Let y(v) = -2*v + 27. Suppose 0 = -3*c - 2*n + 29, 22 = 2*c + n + n. Let t be y(c). What is the highest common divisor of 104 and t?
13
Let l be (12/(-20))/((-2)/30). Suppose 0 = 6*m + 5*m - 352. Suppose m = -5*t + l*t. What is the greatest common factor of 24 and t?
8
Let o(k) = -42*k + 68. Let x be o(10). Let a = x - -375. What is the greatest common factor of a and 667?
23
Suppose -84*q = -78*q - 528. Suppose 0 = -16*s + 13*s - 4*g + 36, -5*s = 5*g - 65. What is the greatest common factor of s and q?
8
Suppose 111 = 3*b + 114, -5*b = -i + 18. Calculate the highest common factor of i and 8125.
13
Let j(r) = 88*r + 33. Let k be j(6). Let u = k + -385. Let y be (-22)/4*(-2 + -2). What is the highest common divisor of u and y?
22
Let d be ((-5)/(-2))/(45/16254). What is the greatest common factor of d and 21?
21
Let l(f) = -f**2 - f + 54. Let d(w) = w**2 - 56. Let q(u) = -5*d(u) - 6*l(u). Let m be q(11). Calculate the highest common factor of 33 and m.
11
Let g be (-40)/(-140) - 80/(-14)*1. Let l(s) = -s**2 + 10*s + 8. Let x be l(g). Calculate the highest common divisor of x and 256.
32
Suppose -285*m = -292*m + 3584. What is the highest common factor of m and 32?
32
Let w(p) = -114*p + 376. Let k be w(3). Suppose 297 = 4*h + 97. Suppose 3*j = h + 256. What is the greatest common divisor of k and j?
34
Suppose 0 = 39*y - 61*y - 484. 